.
20
Let h = -1104 - -1129. Calculate the highest common divisor of 3475 and h.
25
Let i = -77 - -79. Suppose 3*d - 622 = 2*u, 3*d = 7*u - i*u + 610. Calculate the greatest common divisor of d and 84.
42
Let r(j) = 7*j**2 + 310*j + 133. Let t be r(-44). Calculate the greatest common divisor of 45 and t.
45
Let a be ((-18)/20 + (-3)/5)*-90. Let p(f) = 7*f - 8*f - 15 - f**2 + 2*f**2. Let c be p(-5). Calculate the greatest common factor of a and c.
15
Suppose -53*v + 50*v = -5*z - 298, -4*z = 3*v - 253. Let d = -13 + 27. Calculate the greatest common divisor of v and d.
7
Let o = -19783 + 19902. What is the greatest common divisor of o and 4063?
17
Let t(o) = -2*o + 6. Let n be t(3). Suppose 3*j + 3*j - 150 = n. Suppose 3*d - j = h, -d - 2*d + 3*h + 33 = 0. What is the greatest common divisor of 42 and d?
7
Let f(u) be the third derivative of 33*u**4/8 + u**2. Let v be f(2). Let n = -180919 - -180941. What is the highest common factor of n and v?
22
Let c(j) = -33*j - 60. Let d be c(-12). Suppose -4*t + d = 4*u, -2*u = t - 6*t - 196. Calculate the greatest common factor of 11 and u.
11
Let p be ((-3)/9*8)/((-6)/9). Suppose -5*q = j - 4648, 0*q - 3*j = -p*q + 3726. Calculate the greatest common factor of q and 30.
30
Suppose -15*o + 5878 - 1018 = 0. What is the highest common divisor of o and 243?
81
Let q = 49 - 31. Let j be (-54)/5*(-150)/90. Suppose j*r + 225 = 1197. Calculate the highest common factor of r and q.
18
Let w(b) = 2*b + 1. Let n(r) = r**3 - 5*r**2 - 3*r + 18. Let g be n(5). Suppose 15 = g*u + 9. Let o be w(u). What is the greatest common divisor of o and 15?
5
Suppose 24*b + 2846470 = 137*b. Calculate the greatest common divisor of 22 and b.
22
Let r be (144/(-10))/(0 - (-10)/(-75)). Let a = 16 + 11. Calculate the greatest common factor of r and a.
27
Let t = 472 - 494. Let v be (-52)/12*t*3. Calculate the greatest common factor of v and 52.
26
Suppose 3*l - 1260 = -1266, 4*l + 23288 = 5*o. What is the highest common divisor of o and 48?
48
Suppose -4*f + 108 = 3*l, 3*f + l - 34 = 52. Suppose -j = 4*r - 1969, 0 = -r + 2*j + 258 + 241. Let c = -343 + r. What is the highest common divisor of f and c?
30
Let q be 1*(-7 + 4)*71625/(-45). Calculate the greatest common divisor of q and 25.
25
Let n be ((-27)/(-5))/((-10)/(-50)). Suppose 0 = -o - 5*o - 42. Let f = 11 - o. What is the highest common divisor of f and n?
9
Let j(v) = v + 120. Let x be j(0). Let z = 114 - x. Let q(c) = -2*c**3 - 13*c**2 - 10*c + 4. Let b be q(z). What is the highest common divisor of b and 7?
7
Suppose 116 = 4*w - 5*k - 143, 5*w = 2*k + 294. What is the highest common factor of 7826 and w?
14
Suppose -2*j = -8, 5*j + 1 = 2*x + 103. Let i = 73 + x. Suppose 17*y - 48 = 14*y. Calculate the highest common factor of i and y.
16
Suppose 5*d - 11 - 99 = 0. Suppose -36*o = -31*o + k - 101, -4*o + 70 = 2*k. What is the highest common divisor of d and o?
22
Suppose 29*t - 84 = t. Let o be 10088/24 - 1/t. Calculate the greatest common factor of o and 14.
14
Let r(g) = -g**2 - 26*g + 444. Let k be r(-36). Calculate the greatest common factor of 1596 and k.
84
Let o(q) = 13*q**3 - q**2 + 4*q. Let w be o(2). Let x be (33*(-4)/(-10))/((-20)/100). Let h = x + 78. What is the greatest common divisor of h and w?
12
Let k(c) = -c**3 - 26*c**2 - 24*c - 256. Let g be k(-27). What is the greatest common factor of 590 and g?
59
Suppose -3*f + 4 = 2*o, -3*o + 2*o - 4*f + 7 = 0. Let i(l) = -12*l. Let y be i(o). Let q = -23864 - -23894. What is the highest common factor of y and q?
6
Let f(d) = 2*d**3 - 15*d**2 + 9*d + 3. Let i be f(7). Suppose -i*b = -23*b + 672. What is the highest common divisor of 16 and b?
16
Let o(t) = -587*t - 407. Let q be o(-5). What is the highest common divisor of 64 and q?
32
Let h = -109 - -200. Suppose 369 + h = 10*f. What is the highest common divisor of f and 207?
23
Let h be 5/(-8) + (-8536238)/(-944). Calculate the greatest common factor of h and 132.
66
Let k be (-21184)/(-23832) - ((-61975)/9 - 0). What is the highest common factor of 213 and k?
71
Let t be (2/(-3))/(1/576*-4). Suppose -t = -4*h - 12. Calculate the greatest common factor of 28 and h.
7
Let i = 6048 - -6345. What is the greatest common factor of 153 and i?
153
Let w(f) = f**3 - 120*f**2 + 1000*f - 47. Let l be w(111). Calculate the highest common divisor of l and 10432.
64
Let w = -31 - -40. Suppose 13*k + 129 = 2417. Suppose 8*l - w*l = -k. Calculate the greatest common factor of 22 and l.
22
Suppose -76*m + 119977 = 11829. What is the greatest common divisor of m and 1?
1
Suppose 2*p - 10 = -3*v - 0*p, -2*p = 4*v - 12. Suppose 2*g = -4*j + 216, -3*g = v*g. What is the greatest common divisor of 135 and j?
27
Let u be (-44)/(-242) - 17068/(-22). Suppose u = 12*n - 232. Calculate the highest common factor of n and 12.
12
Suppose -5*y - 330 = y. Let u = 55 + y. Suppose 4*g + z - 3*z - 100 = u, -10 = -5*z. What is the highest common divisor of 208 and g?
26
Let p be (5763/39 - -1) + (-96)/(-416). Calculate the highest common divisor of p and 34717.
149
Let n = 3463 - 2938. What is the greatest common factor of 150 and n?
75
Let z = 2558 + -2542. What is the greatest common factor of z and 11?
1
Suppose -2*u = v - 26, 160 = 5*v - u - 4*u. Let h be 14/(-1 + 63/v - 1). Suppose 0 = g + 6*g - h. What is the highest common divisor of g and 20?
20
Suppose -2*m + 210 = 3*g, 5*m - 3*g - 454 = 71. What is the highest common divisor of m and 8505?
105
Suppose 10*b = 5*b + 365. Let f = 77 - b. Calculate the highest common factor of f and 6.
2
Let g(f) be the first derivative of -f**2 - 11*f + 326. Let a be g(-7). Calculate the greatest common factor of a and 81.
3
Suppose g = -0*y - 3*y + 20, 25 = 4*y + g. Let u = -4 + 4. Suppose -7*p - 45 = -o - 2*p, -o - 4*p = u. What is the highest common factor of y and o?
5
Suppose 35*u + 2*o - 5200 = 31*u, 3*u - 3918 = 3*o. Calculate the highest common factor of 147 and u.
21
Let u(y) = 153*y - 9420. Let i be u(172). What is the greatest common divisor of i and 11?
11
Let b be 195/(-156) + 65386/8. What is the greatest common divisor of b and 36?
36
Let i = 3461 + -3449. Calculate the highest common divisor of 972 and i.
12
Let u(g) = -g**3 - 3*g**2 - 3*g - 24. Let t be u(-5). Suppose 90 = 2*b - 2*s, 2*b - 4*s - t = 43. What is the highest common factor of 156 and b?
12
Suppose 31*t - 37*t + 5*j + 232 = 0, 3*j - 68 = -2*t. What is the highest common divisor of 32449 and t?
37
Suppose -1073*w - 106482 = -2*o - 1072*w, 3*w = 3*o - 159726. Calculate the greatest common factor of 10 and o.
10
Let k(j) = -j**3 + 26*j**2 - 87*j - 6. Let t be k(22). Calculate the highest common factor of t and 9208.
8
Suppose 0 = 5*a + 5*j - 85, a + 5*j - 18 - 3 = 0. Suppose -868 = -a*n - 68. What is the highest common divisor of 130 and n?
10
Suppose 49*d - 60*d = 2915. Let p = -37 - d. Calculate the greatest common divisor of 171 and p.
57
Let n be 42/9*90/35. Let q be ((-68)/n)/((-1)/3). Calculate the greatest common divisor of q and 323.
17
Let l(u) = 2*u**2 + 6*u + 6. Let i be 7*6/21 - 4*1. Let q be l(i). Let w be (-1)/(q/(-1 + -1)). What is the highest common divisor of w and 4?
1
Suppose 4*n - z - 4660 = 4*z, -1172 = -n + 3*z. Let h = -1151 + n. Let j be 2 - 23*1*-5. Calculate the highest common divisor of j and h.
9
Let u be ((-7)/(-14)*1304/6)/((-16)/(-312)). Calculate the greatest common divisor of u and 13.
13
Suppose -339915 - 571126 = -194*s + 499727. Calculate the highest common divisor of 72 and s.
72
Let v = 2890 - 2821. Calculate the highest common divisor of v and 2208.
69
Let p = -4957 + 5141. Calculate the greatest common divisor of p and 400.
8
Suppose -3*c + 948 + 774 = 0. What is the greatest common factor of 70 and c?
14
Suppose -556*m - 12212 = -588*m + 9612. What is the highest common factor of 3286 and m?
62
Suppose g = k - 30, -68 = -2*k - g - g. Let l = -51 - k. Let o = -58 - l. Calculate the greatest common divisor of o and 5.
5
Let l = -15044 + 15074. Calculate the highest common divisor of 6150 and l.
30
Let g = 4315 + -4297. Calculate the greatest common factor of g and 1248.
6
Let b(n) be the first derivative of 3*n**2/2 + 72*n - 47. Let a be b(-11). Calculate the greatest common divisor of a and 52.
13
Let r = 8610 + -8578. What is the grea